
8
What is 37 - (0 - (-62 - 3 - -29))?
1
Evaluate 9 + (-49 + (3 - (-8 + 8)) - -5).
-32
What is the value of 68 + (-21 - 122) - ((-3 - -7) + -20)?
-59
Calculate 33 - (46 + -24) - (0 - 37).
48
(81 - 91) + 0 + (-1 - -13) - 119
-117
Calculate 40 + -89 + 31 + 28 + -84.
-74
Evaluate -89 - (-10 + 26 + -35) - (-2 - -20).
-88
Calculate (5 - (-9 + 8 - -6) - 0) + -1 + -6.
-7
Evaluate 3 - -15 - -2 - (-6 + 28).
-2
(-61 - (1 + 1 - 13)) + 10
-40
What is the value of 39 + 7 + (0 + 1 - (3 + -1))?
45
16 + 2 + -2 + (-69 - (59 - 166)) - 13
41
Evaluate (-40 - -28) + (-7 + -2 - -33) - -131.
143
Evaluate -1 - 1 - (-25 + -4 - (11 + 2)) - 5.
35
Calculate 6 + 0 - (-82 + 125 - 35).
-2
(-2 - -3 - 21 - -10) + 83 - -9
82
Calculate 14 - -4 - -20 - 77.
-39
2 + (6 - -2) + -61 + -1 + -285 + 294
-43
Calculate 56 + -69 + 66 - (0 + 14).
39
Calculate -98 + (6 - 18 - (-3 + -7 + 9 + -10)).
-99
What is the value of 13 - 2 - (24 + -19) - -29?
35
23 + -39 + 3 + 18
5
What is the value of ((1 - 3) + -1 - (-45 + -1)) + -121 + 115?
37
Evaluate 27 + (29 - (18 - (8 + -6)) - 16 - 12).
12
What is 38 + 33 + 74 + -95?
50
-1642 + 1592 - (0 - 79)
29
Evaluate -35 + 13 - -8 - -22 - 10 - -10.
8
What is the value of -12 + -1 + (-2 - 14) + -986 + 983?
-32
What is the value of -19 + 0 + 21 + -19 + 17 + -7?
-7
What is 0 - ((52 - (-24 + 4 + 7)) + (9 - -1))?
-75
22 + (-5 - (98 + -41)) + (-21 - -4)
-57
-383 + 383 + (29 - 3)
26
39 + (-92 + 14 - -27)
-12
Calculate 1 + (114 - 124 - (1 + (-9 - -3))) - -50.
46
What is the value of 78 + -1 + 23 + -65?
35
3 + (11 + 2 - 23) + 34 + -5
22
(6 - -120) + -47 + (26 - -19)
124
What is -68 - (42 + (59 - 110))?
-59
-16 + (-71 + 1 - -114)
28
Evaluate -9 - (5 - (7 - -31) - -11).
13
Calculate 42 - 50 - (-7 - (-1 + -3 + -53)).
-58
What is 87 + 4 + 7 + -12 + (-4 - (5 + -1))?
78
Evaluate 0 + (-63 - -2) + (53 + -59 - -12).
-55
Evaluate -22 - (14 + -18 - 26 - 43).
51
Evaluate 32 + 51 + 1 + -759 + 735.
60
61 + -13 + (154 - 68)
134
What is -26 - (-23 - 1) - -44?
42
Evaluate (22002 - 21996) + -42 + 1 + 0.
-35
Evaluate -30 - -39 - (12 + -3 + -4 + -10).
14
What is the value of (-305 - -293) + 1 + (0 - 27)?
-38
Calculate 10 + 12 - 43 - (-19 - (-13 + 5)).
-10
What is -6 + 6 + (9 - -46) - (-107 - -106)?
56
-140 - (-206 + 93) - (0 + -1 + -9)
-17
What is (-76 - (-32 - -44)) + (28 - -1)?
-59
What is the value of -11 - (-36 - (-11 + (-10 - 0) + 8))?
12
What is (3 - (9 - -1)) + 13 + -14 - -6?
-2
What is 13 + -14 + -7 + -102 + 24 + -9?
-95
What is -14 - (26 + -2 + -52 - 49)?
63
What is 9 - (-1 - -22 - ((51 - 36) + -4 + -9))?
-10
-55 + -20 + 75 + (-4 - -43)
39
Evaluate -22 - (32 + 1 + -18).
-37
-38 - (30 - (-2 + 26 + -40))
-84
What is (-46 - -1 - -23) + 15?
-7
What is (-1 - (-1 + -13)) + 1639 + -1654?
-2
What is the value of (7 - 4 - 24) + (-16 - ((21 - 64) + 15))?
-9
What is -185 + 196 - (-1 + 34 - 8)?
-14
23 + (46 - (59 + -76))
86
Evaluate 17 + 15 + -46 - -17.
3
Evaluate 2 + -2 + (-14 - (-5 - 4)) - 1 - 43.
-49
What is 65 - -158 - 225 - (-1 - 135)?
134
-30 + 43 + (-7 + 11 + -3 - 21)
-7
What is the value of 0 + -4 + -27 + -2 + 4 - (316 - 308)?
-37
40 + (-253 - (-136 - -31))
-108
50 + (-6 - 1 - (7 + -22)) + -3
55
Evaluate 40 - (13 + -8 + 6).
29
Calculate -11 + (-370 - -357) + 118 + -3 + 7.
98
What is the value of (-100 - -106) + 29 + -33 + 5 + 0 + 49?
56
(1697 - 1740) + (1 - (-1 + 3 - 0))
-44
Calculate -16 + (3 + 4 - -14 - (13 + -1)).
-7
Calculate (3 - 9) + (12 - 16) + -6 + -5 + 2.
-19
-5 + (-8 - (-9 + 9)) + -86 + 5 + -2
-96
What is (47 - 2) + -779 + 760?
26
-79 + (13 - -3) - -29
-34
-330 + 386 + -1 + -31 + 13
37
Calculate 1 + -11 + 19 + -38.
-29
Evaluate 100 + (-48 - -11) + (158 - 132).
89
Calculate 0 + -16 - -2 - (4031 + -4018).
-27
Calculate 26 + -14 + 5 + 3 + (-42 - -12).
-10
Evaluate -1 + (-1 + -15 + -33 + -47 - 2).
-99
Evaluate -92 - -3 - ((33 - 30) + -30).
-62
(-228 - -102) + 148 + (1 - 6)
17
4 - (44 - -21 - 27) - 9
-43
Evaluate -231 + 297 - (51 + -6).
21
What is (-39 - -101) + -10 - (-54 + 15)?
91
What is (-96 - -37) + 60 - 18?
-17
-6 - ((58 - 46) + 20 + 0) - (-2 + -3)
-33
What is the value of (-4 - (9 - (24 + -3 + -3) - -89)) + 11?
-73
Evaluate (-66 - -56 - 3) + (0 - -35).
22
Evaluate (77 + -67 + (-1 - -5) + -2 - 88) + -1.
-77
Calculate -5 + -15 + (7 - (-2 - 3 - -14)) - 6.
-28
Calculate (-3 - 71) + -3 - (-37 - ((25 - 20) + -30)).
-65
Evaluate (-3 + 2 - (-153 + 120)) + -74.
-42
What is the value of 14 + -13 - -13 - -11 - 17?
8
Evaluate -22 + -1 + 3 - (-1001 + 974).
7
(-16 - 27 - 0) + 25 - (11 + (0 - 1))
-28
Calculate -2 + -7 + (-1 - 0) + (14 + -30 - -17).
-9
Calculate (36 - 97 - (8 + -1)) + (18 - (-16 + 39)).
-73
-44 + 148 + 18 + -59
63
(-101 - -125) + (-2 - 22) - -29
29
Calculate (-60 - (-165 - -44)) + (-2 - (-6 - -3 - 7)).
69
Calculate (-58 - -23) + 45 + -15 + 0 + 3 + 21.
19
What is (-15 - 0) + -86 + 128 + -77?
-50
What is -119 + (-32 - -24) + -22 + 13 + 32?
-104
-89 - (97 - 77 - 103)
-6
What is 88 + ((2 + -2 - 0) + -4 - (166 - 165))?
83
(-5 - (2 + -6)) + (18 - 29)
-12
-2 + 18 + 9 + -26 + -1 - (-1 + -26)
25
Calculate -13 - -26 - ((7 + (-19 - -12) - 21) + 2).
32
What is -12 - (-21 + (7 - 20 - -39))?
-17
61 + 2 - (-253 - -282)
34
What is 30 + -12 + -17 - -38 - -4?
43
17 - (3 + -1 - 9 - (-31 - 45))
-52
(-13 - -13) + 2 + -58 + 3 + 18 + -23
-58
(-11 - ((-90 - 12) + 18)) + 17 - 3
87
What is the value of -2 - (67 - 113 - (0 + 9 + -2))?
51
Calculate 1 + (31 - 28) + (3 - (7 + -84)).
84
1 + -63 + 10 + 10
-42
What is the value of (14 - (-81 - -7)) + -33?
55
Evaluate -5 - ((-106 - -109 - (10 + -2)) + 56 - -14).
-70
Evaluate 8 - (-86 - -3) - (73 - (-15 + 66)).
69
-80 - (127 + -130) - -80
3
162 + (-14 - -11) - 31 - 20
108
What is 17 - (-34 + -8) - (47 + -10)?
22
What is 1971 + -1955 - (3 - (-2 + 4 - -49))?
64
Evaluate (-19 - (21 + 11)) + 6 + (9 - 6) + -1.
-43
Calculate (-1 - (15 - 1)) + (87 - (128 + -33)).
-23
What is (1 - 10) + (-3 - (-4 - -19 - -14))?
-41
36 - -1 - (-13472 + 13620)
-111
What is 46 + 0 - (-1917 + 1947)?
16
What is the value of 44 + -25 + -20 + -2 + -45?
-48
What is -33 + -4 + -7 + (12 - -1) - 14?
-45
What is -5 - (-16 - (-29 - 12))?
-30
Evaluate -13 + -5 + 91 + 7 + (-133 - -144).
91
119 + -44 + -36 - 19
20
Evaluate -42 + -50 + (16 - -59).
-17
What is 3 + -5 + 37 + -57 + 51?
29
Evaluate 24 - (-24 + -17 + (-4 - -67)).
2
Evaluate -13 + -1 - ((-5 + 10 + 0 - 8) + 9).
-20
Calculate -4 - 6 - (-11 - -12 - (-8 + -5 - -75)).
51
What is -4 + (25 - (-13 + 8)) + -14 + 17?
29
Evaluate -14 - (-72 - -41) - 24 - (-152 - -3).
142
What is (503 - 464) + -39 + -8?
-8
Calculate (-1497 - -1502) + 15 + -71.
-51
Calculate -10 + 135 - (72 - -139).
-86
Evaluate 53 - (21 - ((28 - 11 - 12) + 4)).
41
Calculate (-150 - -167) + (13 - -1) + -3.
28
What is the value of -2315 + 2318 + ((-2 - -51) + -1 - -1)?
52
What is the value of -1 - (39 + (20 - (2 - -8)))?
-50
What is -10 - (7 + -29) - (-17 + -11) - 3?
37
What is the value of 33 + (67 - 75 - (2 + 100))?
-77
Calculate 19 + (14 - 1 - (-242 - -303)).
-29
Evaluate -70 + 0 - (39 + (-40 - 16) - -15).
-68
What is the value of 24 - 162 - (641 - 720)?
-59
What is (124 - 44) + -16 - 45?
19
What is -65 + (-4 - ((-2 - 6) + 5)) + 12?
-54
What is 2 - (0 - 40 - (-4 + -30 - -33))?
41
(28 - 1) + (15 - 6) + -16
20
Evaluate 5 + (19 - 9) + 49 + -26 + 43.
81
Calculate ((0 - (-24 + 18)) + -11 + -1 - 30) + -4.
-40
What is the value of -7 + (-32 - -34 - (2 - 59)) + (5 - -3)?
60
What is (-12 - 5) + 3 - (-17 + 12 - -56)?
-65
-37 + (-103 - (-178 - -97))
-59
Evaluate -136 + 28 + (171 - -25).
88
What is 11 + (3 - 6) + 4 + (-4 - -1) + -2?
7
-86 + ((-7 - 6) + -11 - -49)
-61
What is the value of (7 - 17 - 9) + (-13 - -21) - -1?
-10
What is (13 + (32 - 34) - (-2 - -6)) + -40?
-33
What is the value of -369 + 438 - (112 + 1)?
-44
Calculate 40 + 7 + (-65 - -23).
5
(3 - 6) + (2 - -1 - (63 - 64)) + 3
4
Calculate (74 + -228 - -92) + 18.
-44
Evaluate (-18 - -24) + 26 - 112.
-80
What is the value of (-6 - 2) + (-4 - -13 - (20 + -3))?
-16
What is the value of -2 + (-5 - (-7 - (11 + -23))) - 7?
-19
Calculate (-4 - -13) + (-42 - (-20 + -37)).
24
What is the value of 0 - 61 - (11 - 19 - (8 - (14 - -14)))?
-73
Calculate 8 + (36 - (29 - 22)).
37
Calculate 2010 + -2012 + (-4 + 2 - -43) - -16.
55
What is -717 + 716 + (-2 - 5) - (1 + 94)?
-103
Evaluate (-118 - 1) + 2625 + -2543.
-37
What is the value of 2 + 